{"id":281,"date":"2023-12-23T11:25:37","date_gmt":"2023-12-23T11:25:37","guid":{"rendered":"http:\/\/siltasgridas.lv\/?page_id=281"},"modified":"2024-01-24T11:44:57","modified_gmt":"2024-01-24T11:44:57","slug":"tehnologiska-procesa-pilnveidosana","status":"publish","type":"page","link":"https:\/\/siltasgridas.lv\/index.php\/tehnologijas\/tehnologiska-procesa-pilnveidosana\/","title":{"rendered":"Tehnolo\u0123isk\u0101 procesa pilnveido\u0161ana"},"content":{"rendered":"\n<figure class=\"wp-block-image size-full\"><img loading=\"lazy\" decoding=\"async\" width=\"800\" height=\"533\" data-src=\"http:\/\/siltasgridas.lv\/wp-content\/uploads\/2024\/01\/UFH-Pipe-1.webp\" alt=\"UFH Pipe\" class=\"wp-image-375 lazyload\" style=\"--smush-placeholder-width: 800px; --smush-placeholder-aspect-ratio: 800\/533;object-fit:cover\" src=\"data:image\/gif;base64,R0lGODlhAQABAAAAACH5BAEKAAEALAAAAAABAAEAAAICTAEAOw==\" \/><noscript><img loading=\"lazy\" decoding=\"async\" width=\"800\" height=\"533\" src=\"http:\/\/siltasgridas.lv\/wp-content\/uploads\/2024\/01\/UFH-Pipe-1.webp\" alt=\"UFH Pipe\" class=\"wp-image-375\" style=\"object-fit:cover\"\/><\/noscript><\/figure>\n\n\n\n<p>Att\u012bstoties tehnolo\u0123ij\u0101m, esam ieviesu\u0161i inov\u0101cijas ar\u012b m\u016bsu tehniskaj\u0101 nodro\u0161in\u0101jum\u0101, \u0161obr\u012bd varam pied\u0101v\u0101t ar\u012b robota - beton\u0113t\u0101ja iekl\u0101tas klona gr\u012bdas. Tas ir neliels 70 kg smags robots, kuram dodot komandu, to var palaist str\u0101d\u0101t objekt\u0101 un tas paveiks darbu, kur l\u012bdz \u0161im bija vajadz\u012bgs cilv\u0113ku roku darbs.<\/p>\n\n\n\n<p>\u0160is robots pied\u0101v\u0101 efekt\u012bvu un prec\u012bzu darbu, nodro\u0161inot ne tikai ietaup\u012bjumu laik\u0101, bet ar\u012b uzlabojot darba dro\u0161\u012bbu un kvalit\u0101ti. M\u016bsu m\u0113r\u0137is ir saglab\u0101t soli priek\u0161\u0101 tehnolo\u0123iju att\u012bst\u012bb\u0101, lai pied\u0101v\u0101tu klientiem modernas un efekt\u012bvas risin\u0101jumus b\u016bvniec\u012bb\u0101.<\/p>\n\n\n\n<p>\u0160is robots ir m\u016bsu jaun\u0101kais solis uz priek\u0161u tehnolo\u0123iskaj\u0101 att\u012bst\u012bb\u0101 un b\u016bvniec\u012bbas efektivit\u0101t\u0113. T\u0101 kompaktais dizains un iesp\u0113ja str\u0101d\u0101t patst\u0101v\u012bgi, pie\u0146emot prec\u012bzas komandas, dod mums lielisku elast\u012bbu un \u0101trumu projektu izpild\u0113. Tas ne tikai ietaupa laiku un resursus, bet ar\u012b mazina cilv\u0113ku darba slodzi, uzlabojot darba apst\u0101k\u013cus un samazinot potenci\u0101l\u0101s risku situ\u0101cijas.<\/p>\n\n\n\n<figure class=\"wp-block-image size-full\"><img loading=\"lazy\" decoding=\"async\" width=\"1999\" height=\"1333\" data-src=\"http:\/\/siltasgridas.lv\/wp-content\/uploads\/2024\/01\/heating-controls.webp\" alt=\"\" class=\"wp-image-376 lazyload\" style=\"--smush-placeholder-width: 1999px; --smush-placeholder-aspect-ratio: 1999\/1333;object-fit:cover\" src=\"data:image\/gif;base64,R0lGODlhAQABAAAAACH5BAEKAAEALAAAAAABAAEAAAICTAEAOw==\" \/><noscript><img loading=\"lazy\" decoding=\"async\" width=\"1999\" height=\"1333\" src=\"http:\/\/siltasgridas.lv\/wp-content\/uploads\/2024\/01\/heating-controls.webp\" alt=\"\" class=\"wp-image-376\" style=\"object-fit:cover\"\/><\/noscript><\/figure>\n\n\n\n<p>M\u0113s esam uz\u0146\u0113mu\u0161ies saist\u012bbu pied\u0101v\u0101t klientiem ne tikai augstas kvalit\u0101tes b\u016bvniec\u012bbas darbus, bet ar\u012b tehnolo\u0123iski virz\u012btas un ilgtsp\u0113j\u012bgas risin\u0101jumus. Robota-beton\u0113t\u0101ja iekl\u0101tas klona gr\u012bdas ir tikai viens no piem\u0113riem, k\u0101 m\u0113s piel\u0101gojamies main\u012bgajiem b\u016bvniec\u012bbas tirgus piepras\u012bjumiem un sniedzam efekt\u012bvas iesp\u0113jas Latvijas b\u016bvniec\u012bbas nozar\u0113. Turpin\u0101sim darboties, lai pied\u0101v\u0101tu inovat\u012bvus un uzticamus risin\u0101jumus m\u016bsu klientiem vis\u0101 Latvij\u0101.<\/p>\n\n\n\n<p>\u0160is robots ir m\u016bsu jaun\u0101kais solis uz priek\u0161u tehnolo\u0123iskaj\u0101 att\u012bst\u012bb\u0101 un b\u016bvniec\u012bbas efektivit\u0101t\u0113. T\u0101 kompaktais dizains un iesp\u0113ja str\u0101d\u0101t patst\u0101v\u012bgi, pie\u0146emot prec\u012bzas komandas, dod mums lielisku elast\u012bbu un \u0101trumu projektu izpild\u0113. Tas ne tikai ietaupa laiku un resursus, bet ar\u012b mazina cilv\u0113ku darba slodzi, uzlabojot darba apst\u0101k\u013cus un samazinot potenci\u0101l\u0101s risku situ\u0101cijas.<\/p>\n\n\n\n<hr class=\"wp-block-separator has-alpha-channel-opacity\"\/>\n\n\n            <a class=\"to-top js-to-top link\">Atpaka\u013c uz aug\u0161u &#8593;<\/a>\r\n      ","protected":false},"excerpt":{"rendered":"Att\u012bstoties tehnolo\u0123ij\u0101m, esam ieviesu\u0161i inov\u0101cijas ar\u012b m\u016bsu tehniskaj\u0101 nodro\u0161in\u0101jum\u0101, \u0161obr\u012bd varam pied\u0101v\u0101t ar\u012b robota &#8211; beton\u0113t\u0101ja iekl\u0101tas klona gr\u012bdas. Tas ir neliels 70 kg smags robots, kuram dodot komandu, to var palaist str\u0101d\u0101t objekt\u0101 un tas paveiks darbu, kur l\u012bdz \u0161im bija vajadz\u012bgs cilv\u0113ku roku darbs. \u0160is robots pied\u0101v\u0101 efekt\u012bvu un prec\u012bzu darbu, nodro\u0161inot ne [&hellip;]","protected":false},"author":1,"featured_media":0,"parent":27,"menu_order":0,"comment_status":"closed","ping_status":"closed","template":"page-template\/tehnology-posts.php","meta":{"_acf_changed":false,"_monsterinsights_skip_tracking":false,"_monsterinsights_sitenote_active":false,"_monsterinsights_sitenote_note":"","_monsterinsights_sitenote_category":0,"footnotes":""},"class_list":["post-281","page","type-page","status-publish","hentry"],"acf":[],"yoast_head":"<!-- This site is optimized with the Yoast SEO plugin v22.7 - https:\/\/yoast.com\/wordpress\/plugins\/seo\/ -->\n<title>Tehnolo\u0123isk\u0101 procesa pilnveido\u0161ana - Silt\u0101s Gr\u012bdas<\/title>\n<meta name=\"robots\" content=\"index, follow, max-snippet:-1, max-image-preview:large, max-video-preview:-1\" \/>\n<link rel=\"canonical\" href=\"https:\/\/siltasgridas.lv\/index.php\/tehnologijas\/tehnologiska-procesa-pilnveidosana\/\" \/>\n<meta property=\"og:locale\" content=\"en_US\" \/>\n<meta property=\"og:type\" content=\"article\" \/>\n<meta property=\"og:title\" content=\"Tehnolo\u0123isk\u0101 procesa pilnveido\u0161ana - Silt\u0101s Gr\u012bdas\" \/>\n<meta property=\"og:description\" content=\"Att\u012bstoties tehnolo\u0123ij\u0101m, esam ieviesu\u0161i inov\u0101cijas ar\u012b m\u016bsu tehniskaj\u0101 nodro\u0161in\u0101jum\u0101, \u0161obr\u012bd varam pied\u0101v\u0101t ar\u012b robota - beton\u0113t\u0101ja iekl\u0101tas klona gr\u012bdas. Tas ir neliels 70 kg smags robots, kuram dodot komandu, to var palaist str\u0101d\u0101t objekt\u0101 un tas paveiks darbu, kur l\u012bdz \u0161im bija vajadz\u012bgs cilv\u0113ku roku darbs. \u0160is robots pied\u0101v\u0101 efekt\u012bvu un prec\u012bzu darbu, nodro\u0161inot ne [&hellip;]\" \/>\n<meta property=\"og:url\" content=\"https:\/\/siltasgridas.lv\/index.php\/tehnologijas\/tehnologiska-procesa-pilnveidosana\/\" \/>\n<meta property=\"og:site_name\" content=\"Silt\u0101s Gr\u012bdas\" \/>\n<meta property=\"article:modified_time\" content=\"2024-01-24T11:44:57+00:00\" \/>\n<meta property=\"og:image\" content=\"http:\/\/siltasgridas.lv\/wp-content\/uploads\/2024\/01\/UFH-Pipe-1.webp\" \/>\n<meta name=\"twitter:card\" content=\"summary_large_image\" \/>\n<meta name=\"twitter:label1\" content=\"Est. reading time\" \/>\n\t<meta name=\"twitter:data1\" content=\"2 minutes\" \/>\n<script type=\"application\/ld+json\" class=\"yoast-schema-graph\">{\"@context\":\"https:\/\/schema.org\",\"@graph\":[{\"@type\":\"WebPage\",\"@id\":\"https:\/\/siltasgridas.lv\/index.php\/tehnologijas\/tehnologiska-procesa-pilnveidosana\/\",\"url\":\"https:\/\/siltasgridas.lv\/index.php\/tehnologijas\/tehnologiska-procesa-pilnveidosana\/\",\"name\":\"Tehnolo\u0123isk\u0101 procesa pilnveido\u0161ana - Silt\u0101s Gr\u012bdas\",\"isPartOf\":{\"@id\":\"https:\/\/siltasgridas.lv\/#website\"},\"primaryImageOfPage\":{\"@id\":\"https:\/\/siltasgridas.lv\/index.php\/tehnologijas\/tehnologiska-procesa-pilnveidosana\/#primaryimage\"},\"image\":{\"@id\":\"https:\/\/siltasgridas.lv\/index.php\/tehnologijas\/tehnologiska-procesa-pilnveidosana\/#primaryimage\"},\"thumbnailUrl\":\"http:\/\/siltasgridas.lv\/wp-content\/uploads\/2024\/01\/UFH-Pipe-1.webp\",\"datePublished\":\"2023-12-23T11:25:37+00:00\",\"dateModified\":\"2024-01-24T11:44:57+00:00\",\"breadcrumb\":{\"@id\":\"https:\/\/siltasgridas.lv\/index.php\/tehnologijas\/tehnologiska-procesa-pilnveidosana\/#breadcrumb\"},\"inLanguage\":\"en-US\",\"potentialAction\":[{\"@type\":\"ReadAction\",\"target\":[\"https:\/\/siltasgridas.lv\/index.php\/tehnologijas\/tehnologiska-procesa-pilnveidosana\/\"]}]},{\"@type\":\"ImageObject\",\"inLanguage\":\"en-US\",\"@id\":\"https:\/\/siltasgridas.lv\/index.php\/tehnologijas\/tehnologiska-procesa-pilnveidosana\/#primaryimage\",\"url\":\"https:\/\/siltasgridas.lv\/wp-content\/uploads\/2024\/01\/UFH-Pipe-1.webp\",\"contentUrl\":\"https:\/\/siltasgridas.lv\/wp-content\/uploads\/2024\/01\/UFH-Pipe-1.webp\",\"width\":800,\"height\":533,\"caption\":\"UFH Pipe\"},{\"@type\":\"BreadcrumbList\",\"@id\":\"https:\/\/siltasgridas.lv\/index.php\/tehnologijas\/tehnologiska-procesa-pilnveidosana\/#breadcrumb\",\"itemListElement\":[{\"@type\":\"ListItem\",\"position\":1,\"name\":\"Home\",\"item\":\"https:\/\/siltasgridas.lv\/\"},{\"@type\":\"ListItem\",\"position\":2,\"name\":\"Tehnolo\u0123ijas\",\"item\":\"https:\/\/siltasgridas.lv\/index.php\/tehnologijas\/\"},{\"@type\":\"ListItem\",\"position\":3,\"name\":\"Tehnolo\u0123isk\u0101 procesa pilnveido\u0161ana\"}]},{\"@type\":\"WebSite\",\"@id\":\"https:\/\/siltasgridas.lv\/#website\",\"url\":\"https:\/\/siltasgridas.lv\/\",\"name\":\"Silt\u0101s Gr\u012bdas\",\"description\":\"\",\"publisher\":{\"@id\":\"https:\/\/siltasgridas.lv\/#organization\"},\"potentialAction\":[{\"@type\":\"SearchAction\",\"target\":{\"@type\":\"EntryPoint\",\"urlTemplate\":\"https:\/\/siltasgridas.lv\/?s={search_term_string}\"},\"query-input\":\"required name=search_term_string\"}],\"inLanguage\":\"en-US\"},{\"@type\":\"Organization\",\"@id\":\"https:\/\/siltasgridas.lv\/#organization\",\"name\":\"Silt\u0101s Gr\u012bdas\",\"url\":\"https:\/\/siltasgridas.lv\/\",\"logo\":{\"@type\":\"ImageObject\",\"inLanguage\":\"en-US\",\"@id\":\"https:\/\/siltasgridas.lv\/#\/schema\/logo\/image\/\",\"url\":\"http:\/\/siltasgridas.lv\/wp-content\/uploads\/2023\/11\/Siltas-gridas-logo_horizontal-1.svg\",\"contentUrl\":\"http:\/\/siltasgridas.lv\/wp-content\/uploads\/2023\/11\/Siltas-gridas-logo_horizontal-1.svg\",\"width\":1,\"height\":1,\"caption\":\"Silt\u0101s Gr\u012bdas\"},\"image\":{\"@id\":\"https:\/\/siltasgridas.lv\/#\/schema\/logo\/image\/\"}}]}<\/script>\n<!-- \/ Yoast SEO plugin. -->","yoast_head_json":{"title":"Tehnolo\u0123isk\u0101 procesa pilnveido\u0161ana - Silt\u0101s Gr\u012bdas","robots":{"index":"index","follow":"follow","max-snippet":"max-snippet:-1","max-image-preview":"max-image-preview:large","max-video-preview":"max-video-preview:-1"},"canonical":"https:\/\/siltasgridas.lv\/index.php\/tehnologijas\/tehnologiska-procesa-pilnveidosana\/","og_locale":"en_US","og_type":"article","og_title":"Tehnolo\u0123isk\u0101 procesa pilnveido\u0161ana - Silt\u0101s Gr\u012bdas","og_description":"Att\u012bstoties tehnolo\u0123ij\u0101m, esam ieviesu\u0161i inov\u0101cijas ar\u012b m\u016bsu tehniskaj\u0101 nodro\u0161in\u0101jum\u0101, \u0161obr\u012bd varam pied\u0101v\u0101t ar\u012b robota - beton\u0113t\u0101ja iekl\u0101tas klona gr\u012bdas. Tas ir neliels 70 kg smags robots, kuram dodot komandu, to var palaist str\u0101d\u0101t objekt\u0101 un tas paveiks darbu, kur l\u012bdz \u0161im bija vajadz\u012bgs cilv\u0113ku roku darbs. \u0160is robots pied\u0101v\u0101 efekt\u012bvu un prec\u012bzu darbu, nodro\u0161inot ne [&hellip;]","og_url":"https:\/\/siltasgridas.lv\/index.php\/tehnologijas\/tehnologiska-procesa-pilnveidosana\/","og_site_name":"Silt\u0101s Gr\u012bdas","article_modified_time":"2024-01-24T11:44:57+00:00","og_image":[{"url":"http:\/\/siltasgridas.lv\/wp-content\/uploads\/2024\/01\/UFH-Pipe-1.webp"}],"twitter_card":"summary_large_image","twitter_misc":{"Est. reading time":"2 minutes"},"schema":{"@context":"https:\/\/schema.org","@graph":[{"@type":"WebPage","@id":"https:\/\/siltasgridas.lv\/index.php\/tehnologijas\/tehnologiska-procesa-pilnveidosana\/","url":"https:\/\/siltasgridas.lv\/index.php\/tehnologijas\/tehnologiska-procesa-pilnveidosana\/","name":"Tehnolo\u0123isk\u0101 procesa pilnveido\u0161ana - Silt\u0101s Gr\u012bdas","isPartOf":{"@id":"https:\/\/siltasgridas.lv\/#website"},"primaryImageOfPage":{"@id":"https:\/\/siltasgridas.lv\/index.php\/tehnologijas\/tehnologiska-procesa-pilnveidosana\/#primaryimage"},"image":{"@id":"https:\/\/siltasgridas.lv\/index.php\/tehnologijas\/tehnologiska-procesa-pilnveidosana\/#primaryimage"},"thumbnailUrl":"http:\/\/siltasgridas.lv\/wp-content\/uploads\/2024\/01\/UFH-Pipe-1.webp","datePublished":"2023-12-23T11:25:37+00:00","dateModified":"2024-01-24T11:44:57+00:00","breadcrumb":{"@id":"https:\/\/siltasgridas.lv\/index.php\/tehnologijas\/tehnologiska-procesa-pilnveidosana\/#breadcrumb"},"inLanguage":"en-US","potentialAction":[{"@type":"ReadAction","target":["https:\/\/siltasgridas.lv\/index.php\/tehnologijas\/tehnologiska-procesa-pilnveidosana\/"]}]},{"@type":"ImageObject","inLanguage":"en-US","@id":"https:\/\/siltasgridas.lv\/index.php\/tehnologijas\/tehnologiska-procesa-pilnveidosana\/#primaryimage","url":"https:\/\/siltasgridas.lv\/wp-content\/uploads\/2024\/01\/UFH-Pipe-1.webp","contentUrl":"https:\/\/siltasgridas.lv\/wp-content\/uploads\/2024\/01\/UFH-Pipe-1.webp","width":800,"height":533,"caption":"UFH Pipe"},{"@type":"BreadcrumbList","@id":"https:\/\/siltasgridas.lv\/index.php\/tehnologijas\/tehnologiska-procesa-pilnveidosana\/#breadcrumb","itemListElement":[{"@type":"ListItem","position":1,"name":"Home","item":"https:\/\/siltasgridas.lv\/"},{"@type":"ListItem","position":2,"name":"Tehnolo\u0123ijas","item":"https:\/\/siltasgridas.lv\/index.php\/tehnologijas\/"},{"@type":"ListItem","position":3,"name":"Tehnolo\u0123isk\u0101 procesa pilnveido\u0161ana"}]},{"@type":"WebSite","@id":"https:\/\/siltasgridas.lv\/#website","url":"https:\/\/siltasgridas.lv\/","name":"Silt\u0101s Gr\u012bdas","description":"","publisher":{"@id":"https:\/\/siltasgridas.lv\/#organization"},"potentialAction":[{"@type":"SearchAction","target":{"@type":"EntryPoint","urlTemplate":"https:\/\/siltasgridas.lv\/?s={search_term_string}"},"query-input":"required name=search_term_string"}],"inLanguage":"en-US"},{"@type":"Organization","@id":"https:\/\/siltasgridas.lv\/#organization","name":"Silt\u0101s Gr\u012bdas","url":"https:\/\/siltasgridas.lv\/","logo":{"@type":"ImageObject","inLanguage":"en-US","@id":"https:\/\/siltasgridas.lv\/#\/schema\/logo\/image\/","url":"http:\/\/siltasgridas.lv\/wp-content\/uploads\/2023\/11\/Siltas-gridas-logo_horizontal-1.svg","contentUrl":"http:\/\/siltasgridas.lv\/wp-content\/uploads\/2023\/11\/Siltas-gridas-logo_horizontal-1.svg","width":1,"height":1,"caption":"Silt\u0101s Gr\u012bdas"},"image":{"@id":"https:\/\/siltasgridas.lv\/#\/schema\/logo\/image\/"}}]}},"_links":{"self":[{"href":"https:\/\/siltasgridas.lv\/index.php\/wp-json\/wp\/v2\/pages\/281"}],"collection":[{"href":"https:\/\/siltasgridas.lv\/index.php\/wp-json\/wp\/v2\/pages"}],"about":[{"href":"https:\/\/siltasgridas.lv\/index.php\/wp-json\/wp\/v2\/types\/page"}],"author":[{"embeddable":true,"href":"https:\/\/siltasgridas.lv\/index.php\/wp-json\/wp\/v2\/users\/1"}],"replies":[{"embeddable":true,"href":"https:\/\/siltasgridas.lv\/index.php\/wp-json\/wp\/v2\/comments?post=281"}],"version-history":[{"count":6,"href":"https:\/\/siltasgridas.lv\/index.php\/wp-json\/wp\/v2\/pages\/281\/revisions"}],"predecessor-version":[{"id":381,"href":"https:\/\/siltasgridas.lv\/index.php\/wp-json\/wp\/v2\/pages\/281\/revisions\/381"}],"up":[{"embeddable":true,"href":"https:\/\/siltasgridas.lv\/index.php\/wp-json\/wp\/v2\/pages\/27"}],"wp:attachment":[{"href":"https:\/\/siltasgridas.lv\/index.php\/wp-json\/wp\/v2\/media?parent=281"}],"curies":[{"name":"wp","href":"https:\/\/api.w.org\/{rel}","templated":true}]}}