{"id":23,"date":"2023-11-20T13:10:55","date_gmt":"2023-11-20T13:10:55","guid":{"rendered":"http:\/\/siltasgridas.lv\/?page_id=23"},"modified":"2023-12-30T19:44:58","modified_gmt":"2023-12-30T19:44:58","slug":"realizetie-projekti","status":"publish","type":"page","link":"https:\/\/siltasgridas.lv\/index.php\/realizetie-projekti\/","title":{"rendered":"Realiz\u0113tie projekti"},"content":{"rendered":"  <section class=\"section-hero\">\r\n    <div class=\"relative\">\r\n              <div class=\"image-container relative\">\r\n          <img decoding=\"async\" class=\"w-100 lazyload\" data-src=\"https:\/\/siltasgridas.lv\/wp-content\/uploads\/2023\/12\/realizeti_projekti.png\" alt=\"S\u0101kumatt\u0113ls\" src=\"data:image\/gif;base64,R0lGODlhAQABAAAAACH5BAEKAAEALAAAAAABAAEAAAICTAEAOw==\"><noscript><img decoding=\"async\" class=\"w-100\" src=\"https:\/\/siltasgridas.lv\/wp-content\/uploads\/2023\/12\/realizeti_projekti.png\" alt=\"S\u0101kumatt\u0113ls\"><\/noscript>\r\n          <div class=\"overlay\"><\/div>\r\n        <\/div>\r\n            <div class=\"content abs-c\">\r\n                  <h2>Realiz\u0113tie projekti<\/h2>\r\n              <\/div>\r\n    <\/div>\r\n  <\/section>\r\n","protected":false},"excerpt":{"rendered":"","protected":false},"author":1,"featured_media":0,"parent":0,"menu_order":0,"comment_status":"closed","ping_status":"closed","template":"","meta":{"_acf_changed":false,"_monsterinsights_skip_tracking":false,"_monsterinsights_sitenote_active":false,"_monsterinsights_sitenote_note":"","_monsterinsights_sitenote_category":0,"footnotes":""},"class_list":["post-23","page","type-page","status-publish","hentry"],"acf":[],"yoast_head":"<!-- This site is optimized with the Yoast SEO plugin v22.7 - https:\/\/yoast.com\/wordpress\/plugins\/seo\/ -->\n<title>Realiz\u0113tie projekti - Silt\u0101s Gr\u012bdas<\/title>\n<meta name=\"robots\" content=\"index, follow, max-snippet:-1, max-image-preview:large, max-video-preview:-1\" \/>\n<link rel=\"canonical\" href=\"https:\/\/siltasgridas.lv\/index.php\/realizetie-projekti\/\" \/>\n<meta property=\"og:locale\" content=\"en_US\" \/>\n<meta property=\"og:type\" content=\"article\" \/>\n<meta property=\"og:title\" content=\"Realiz\u0113tie projekti - Silt\u0101s Gr\u012bdas\" \/>\n<meta property=\"og:url\" content=\"https:\/\/siltasgridas.lv\/index.php\/realizetie-projekti\/\" \/>\n<meta property=\"og:site_name\" content=\"Silt\u0101s Gr\u012bdas\" \/>\n<meta property=\"article:modified_time\" content=\"2023-12-30T19:44:58+00:00\" \/>\n<meta name=\"twitter:card\" content=\"summary_large_image\" \/>\n<script type=\"application\/ld+json\" class=\"yoast-schema-graph\">{\"@context\":\"https:\/\/schema.org\",\"@graph\":[{\"@type\":\"WebPage\",\"@id\":\"https:\/\/siltasgridas.lv\/index.php\/realizetie-projekti\/\",\"url\":\"https:\/\/siltasgridas.lv\/index.php\/realizetie-projekti\/\",\"name\":\"Realiz\u0113tie projekti - Silt\u0101s Gr\u012bdas\",\"isPartOf\":{\"@id\":\"https:\/\/siltasgridas.lv\/#website\"},\"datePublished\":\"2023-11-20T13:10:55+00:00\",\"dateModified\":\"2023-12-30T19:44:58+00:00\",\"breadcrumb\":{\"@id\":\"https:\/\/siltasgridas.lv\/index.php\/realizetie-projekti\/#breadcrumb\"},\"inLanguage\":\"en-US\",\"potentialAction\":[{\"@type\":\"ReadAction\",\"target\":[\"https:\/\/siltasgridas.lv\/index.php\/realizetie-projekti\/\"]}]},{\"@type\":\"BreadcrumbList\",\"@id\":\"https:\/\/siltasgridas.lv\/index.php\/realizetie-projekti\/#breadcrumb\",\"itemListElement\":[{\"@type\":\"ListItem\",\"position\":1,\"name\":\"Home\",\"item\":\"https:\/\/siltasgridas.lv\/\"},{\"@type\":\"ListItem\",\"position\":2,\"name\":\"Realiz\u0113tie projekti\"}]},{\"@type\":\"WebSite\",\"@id\":\"https:\/\/siltasgridas.lv\/#website\",\"url\":\"https:\/\/siltasgridas.lv\/\",\"name\":\"Silt\u0101s Gr\u012bdas\",\"description\":\"\",\"publisher\":{\"@id\":\"https:\/\/siltasgridas.lv\/#organization\"},\"potentialAction\":[{\"@type\":\"SearchAction\",\"target\":{\"@type\":\"EntryPoint\",\"urlTemplate\":\"https:\/\/siltasgridas.lv\/?s={search_term_string}\"},\"query-input\":\"required name=search_term_string\"}],\"inLanguage\":\"en-US\"},{\"@type\":\"Organization\",\"@id\":\"https:\/\/siltasgridas.lv\/#organization\",\"name\":\"Silt\u0101s Gr\u012bdas\",\"url\":\"https:\/\/siltasgridas.lv\/\",\"logo\":{\"@type\":\"ImageObject\",\"inLanguage\":\"en-US\",\"@id\":\"https:\/\/siltasgridas.lv\/#\/schema\/logo\/image\/\",\"url\":\"http:\/\/siltasgridas.lv\/wp-content\/uploads\/2023\/11\/Siltas-gridas-logo_horizontal-1.svg\",\"contentUrl\":\"http:\/\/siltasgridas.lv\/wp-content\/uploads\/2023\/11\/Siltas-gridas-logo_horizontal-1.svg\",\"width\":1,\"height\":1,\"caption\":\"Silt\u0101s Gr\u012bdas\"},\"image\":{\"@id\":\"https:\/\/siltasgridas.lv\/#\/schema\/logo\/image\/\"}}]}<\/script>\n<!-- \/ Yoast SEO plugin. -->","yoast_head_json":{"title":"Realiz\u0113tie projekti - Silt\u0101s Gr\u012bdas","robots":{"index":"index","follow":"follow","max-snippet":"max-snippet:-1","max-image-preview":"max-image-preview:large","max-video-preview":"max-video-preview:-1"},"canonical":"https:\/\/siltasgridas.lv\/index.php\/realizetie-projekti\/","og_locale":"en_US","og_type":"article","og_title":"Realiz\u0113tie projekti - Silt\u0101s Gr\u012bdas","og_url":"https:\/\/siltasgridas.lv\/index.php\/realizetie-projekti\/","og_site_name":"Silt\u0101s Gr\u012bdas","article_modified_time":"2023-12-30T19:44:58+00:00","twitter_card":"summary_large_image","schema":{"@context":"https:\/\/schema.org","@graph":[{"@type":"WebPage","@id":"https:\/\/siltasgridas.lv\/index.php\/realizetie-projekti\/","url":"https:\/\/siltasgridas.lv\/index.php\/realizetie-projekti\/","name":"Realiz\u0113tie projekti - Silt\u0101s Gr\u012bdas","isPartOf":{"@id":"https:\/\/siltasgridas.lv\/#website"},"datePublished":"2023-11-20T13:10:55+00:00","dateModified":"2023-12-30T19:44:58+00:00","breadcrumb":{"@id":"https:\/\/siltasgridas.lv\/index.php\/realizetie-projekti\/#breadcrumb"},"inLanguage":"en-US","potentialAction":[{"@type":"ReadAction","target":["https:\/\/siltasgridas.lv\/index.php\/realizetie-projekti\/"]}]},{"@type":"BreadcrumbList","@id":"https:\/\/siltasgridas.lv\/index.php\/realizetie-projekti\/#breadcrumb","itemListElement":[{"@type":"ListItem","position":1,"name":"Home","item":"https:\/\/siltasgridas.lv\/"},{"@type":"ListItem","position":2,"name":"Realiz\u0113tie projekti"}]},{"@type":"WebSite","@id":"https:\/\/siltasgridas.lv\/#website","url":"https:\/\/siltasgridas.lv\/","name":"Silt\u0101s Gr\u012bdas","description":"","publisher":{"@id":"https:\/\/siltasgridas.lv\/#organization"},"potentialAction":[{"@type":"SearchAction","target":{"@type":"EntryPoint","urlTemplate":"https:\/\/siltasgridas.lv\/?s={search_term_string}"},"query-input":"required name=search_term_string"}],"inLanguage":"en-US"},{"@type":"Organization","@id":"https:\/\/siltasgridas.lv\/#organization","name":"Silt\u0101s Gr\u012bdas","url":"https:\/\/siltasgridas.lv\/","logo":{"@type":"ImageObject","inLanguage":"en-US","@id":"https:\/\/siltasgridas.lv\/#\/schema\/logo\/image\/","url":"http:\/\/siltasgridas.lv\/wp-content\/uploads\/2023\/11\/Siltas-gridas-logo_horizontal-1.svg","contentUrl":"http:\/\/siltasgridas.lv\/wp-content\/uploads\/2023\/11\/Siltas-gridas-logo_horizontal-1.svg","width":1,"height":1,"caption":"Silt\u0101s Gr\u012bdas"},"image":{"@id":"https:\/\/siltasgridas.lv\/#\/schema\/logo\/image\/"}}]}},"_links":{"self":[{"href":"https:\/\/siltasgridas.lv\/index.php\/wp-json\/wp\/v2\/pages\/23"}],"collection":[{"href":"https:\/\/siltasgridas.lv\/index.php\/wp-json\/wp\/v2\/pages"}],"about":[{"href":"https:\/\/siltasgridas.lv\/index.php\/wp-json\/wp\/v2\/types\/page"}],"author":[{"embeddable":true,"href":"https:\/\/siltasgridas.lv\/index.php\/wp-json\/wp\/v2\/users\/1"}],"replies":[{"embeddable":true,"href":"https:\/\/siltasgridas.lv\/index.php\/wp-json\/wp\/v2\/comments?post=23"}],"version-history":[{"count":11,"href":"https:\/\/siltasgridas.lv\/index.php\/wp-json\/wp\/v2\/pages\/23\/revisions"}],"predecessor-version":[{"id":330,"href":"https:\/\/siltasgridas.lv\/index.php\/wp-json\/wp\/v2\/pages\/23\/revisions\/330"}],"wp:attachment":[{"href":"https:\/\/siltasgridas.lv\/index.php\/wp-json\/wp\/v2\/media?parent=23"}],"curies":[{"name":"wp","href":"https:\/\/api.w.org\/{rel}","templated":true}]}}